)?
-5
Evaluate 1 + 9 - (-149 + 155).
4
0 + (0 + -3 - (-12 - -4))
5
Calculate (-3 - 1) + (11 - 4).
3
What is 1 + -2 + -3 + 6 + -8?
-6
Calculate -3 - (4 + -3) - -1 - 1.
-4
Calculate 11 + -11 + 3 + -5 + 1.
-1
What is the value of -11 + 10 + 1 - 6?
-6
19 + (-13 - 8) + 6
4
Evaluate -1 - 0 - (8 + -10 + 8).
-7
Evaluate -1 - (4 - (3 + 2 - 2)).
-2
Evaluate (8 - 0) + (-4 - 0 - -6).
10
What is the value of 2 + 2 - (5 + 2)?
-3
What is (-7 - (1 + -5)) + (-1 - -3)?
-1
What is 0 + 1 - (5 + -4)?
0
What is the value of -2 + 2 - (-6 + 2)?
4
What is the value of (6 - -3 - 9) + -8?
-8
Evaluate -16 + 20 + (-2 - -2 - -1).
5
5 + (-6 + -4 + 3 - 0)
-2
What is the value of 5 + (-1 - -2 - -4)?
10
(8 - 4) + 2 - 8
-2
0 + 5 - (-1 + 9)
-3
-9 + 1 + (-2 - (-21 + 6))
5
What is the value of (6 - 17) + 15 - (5 + 0)?
-1
-5 + (6 - 7 - (-2 - -2))
-6
What is (-1 - 3) + -18 + 20?
-2
What is 1 + 4 - (-3 - -11)?
-3
What is the value of (-8 + 1 - -5) + 3?
1
What is the value of 10 + 0 + 1 + -15?
-4
What is (1 + -7 - -3) + 1 + -3?
-5
What is the value of 9 + (-1 - 0) + (1 - 5)?
4
1 + 2 + -1 - (-10 - -8)
4
What is the value of 5 + -5 + (-4 - -3)?
-1
-9 - ((3 - (7 + -4)) + -4)
-5
Calculate -7 + 3 + -9 + (12 - 7).
-8
(-5 - -1) + (-4 - -11)
3
Evaluate (-4 - -8) + (1 - 2).
3
Evaluate 9 + (-1 + -2 - 1).
5
What is -91 + 84 - (2 + (-2 - 6))?
-1
1 + 7 - (-5 + -12 + 21)
4
3 + -5 + (-1 - -2)
-1
What is the value of 8 + -12 + (3 - -5)?
4
Calculate -12 + -3 + 8 + 4.
-3
(7 - 4 - 0) + -4
-1
-41 + 46 + (-9 - 2)
-6
What is the value of (2 - 11) + -11 + 24?
4
What is (11 - 0) + -7 - 5?
-1
Evaluate -1 + (-2 - (-3 - -6 - 2)).
-4
What is the value of 4 - (-3 + 2 - -8)?
-3
-2 + 1 + -3 + 6
2
What is 5 - (4 - 1) - 0?
2
Evaluate -8 + 2 - ((0 - 3) + 1).
-4
What is -1 + 5 - (1 + -1)?
4
Calculate -1 - (2 + -1) - 1.
-3
-5 + -3 + (1 - (-2 - 1))
-4
6 + -4 + -2 + 1
1
Evaluate -9 - (3 - 7) - -2.
-3
What is 4 + (-3 - -6 - 7) + 5?
5
Evaluate 6 + -14 + 4 + 6 + -7.
-5
Calculate (3 - (2 - 6)) + -2.
5
Evaluate -5 + 6 + 0 - -1.
2
Calculate 4 + (-3 - (0 - (2 - -2))).
5
-9 - (-2 - 4) - 2
-5
-4 + (7 - 1) + -2 + 2
2
What is the value of (15 + -4 - 5) + -1 + -5?
0
What is (4 - 7) + -1 + 3?
-1
What is 3 + 4 + -7 + 5?
5
What is (5 - 5) + (3 + -4 - 3)?
-4
What is 0 + (0 - (-1 + 2))?
-1
Calculate -2 + -2 + (0 - (3 - 5)).
-2
Evaluate -1 - 1 - (-21 + (7 - -14)).
-2
Calculate 0 - (-5 - -5) - -3.
3
Calculate (-8 - -4 - 4) + 2 + 1.
-5
What is the value of 0 - (-6 + 1 - -5)?
0
(-2 - (3 + -11)) + (2 - 5)
3
What is (-2 + 5 - -1) + -2?
2
Calculate 18 + -12 - (-3 + 7 + -1).
3
What is 4 + (-2 + -3 + 0 - 4)?
-5
Evaluate (-2 - (5 - 1)) + 3 + -1.
-4
What is the value of 3 + (-7 - -17 - 16)?
-3
What is the value of -13 - -15 - (1 - (0 - -1))?
2
What is (-2 - -3) + (-6 - -2) + 2?
-1
What is -2 + (-3 + (-1 - -2) - -4)?
0
What is 0 + -7 + (4 - 6) + 7?
-2
Evaluate (-2 - -7) + -1 - 1.
3
Evaluate (-3 - -9) + -54 + 41.
-7
3 + 0 + (-5 - -5)
3
Evaluate -2 - (1 - ((1 - 2) + 2)).
-2
Evaluate (6 - 3) + 3 - 9.
-3
What is the value of 13 - (22 - (8 + 2))?
1
Calculate 22 + -14 - (0 + 3).
5
What is 5 + -6 + -2 + 2?
-1
Calculate (7 - (-20 + 21)) + (-7 - -1).
0
What is 3 - -8 - 2 - (14 - -1)?
-6
-42 + 34 - (0 + -6)
-2
What is -3 + ((5 - 7) + 10 - 0)?
5
What is the value of -1 + -2 + -3 - (-7 - 1)?
2
Evaluate 1 + -1 + (1 - -2).
3
What is 1 + (3 - ((-3 - 0) + 6))?
1
What is -4 + 2 - (-19 + 14)?
3
Evaluate 13 - ((8 - -1) + -6).
10
Evaluate (-1 - 4) + 4 + (-1 - 0).
-2
Calculate 2 + -6 + 4 + -2 + 2.
0
What is the value of 0 - (8 - (10 - (-11 + 7)))?
6
-4 + (-1 - -3) + 1 + -2
-3
Calculate -5 + (0 - -1 - (-2 + 4)).
-6
-1 + 7 - 13 - -4
-3
Calculate -5 + (3 - -4) + 1.
3
11 + -11 - (1 + (3 - 2))
-2
Evaluate (2 + 1 - 1) + -4 + -2.
-4
Calculate 1 + -11 + (6 - 3).
-7
4 - (-6 - (5 - 15))
0
(-6 - (-8 - -8)) + -1 + 2
-5
What is the value of 3 + 3 + 5 + -6 + -2?
3
What is -2 - (-2 + 2) - (3 + 4)?
-9
Evaluate (-3 - -3) + -1 + (-3 - -5).
1
Calculate -4 + 1 + -3 + 4 - -3.
1
What is 4 - (21 - 6) - (-2 - 2)?
-7
Calculate 3 + -3 + 0 - (-13 - -17).
-4
What is the value of -1 - 0 - -3 - (-37 + 44)?
-5
Evaluate 0 - 4 - (4 - (10 + -1)).
1
What is 0 - 3 - (9 + -10 - 0)?
-2
What is the value of -3 - ((8 + -4 - 3) + 0)?
-4
Calculate (12 - (-2 + 7)) + (-8 - 0).
-1
Evaluate (8 - 10) + -2 + 1.
-3
Evaluate (-4 - (-11 - -12)) + 12.
7
What is (1 - 1) + (-1 - -2)?
1
What is the value of (-1 - 8 - (-40 + 36)) + 0?
-5
(0 - (4 + -10)) + -8 - -2
0
(7 - -2) + -15 + 7
1
-5 + (13 - (-7 + 15) - -4)
4
-1 + 20 - (-57 - -65)
11
Evaluate -12 - (-23 + 5) - (5 + -2).
3
What is -4 - (1 + -1 - 0) - 2?
-6
Calculate (2 + -1 - 2) + -2 + 1.
-2
Calculate 17 - 14 - (1 + 1) - -2.
3
What is the value of 7 + -11 + -5 + 3 + 2?
-4
Evaluate -3 + -4 + (11 - 5).
-1
What is -9 + 3 + (0 - -2)?
-4
Evaluate (-3 - -6) + -4 - (-1 - -1).
-1
Evaluate 0 - (2 - (-2 + 5)) - 4.
-3
Evaluate (5 - (1 + 1)) + 22 + -26.
-1
What is (0 + 0 - 1) + -33 + 36?
2
What is the value of (-6 + 0 - (-3 - -1)) + 6?
2
What is -2 + (6 + 5 - 6 - 8)?
-5
Calculate (-7 - 5) + 8 + -3 + 13.
6
What is -2 + -3 + 6 + -5?
-4
Calculate -6 + (-1 - 2) + (3 - -1).
-5
-12 - (-6 + 12 + -12)
-6
Calculate 5 + -2 + (-15 - -10) + 6.
4
What is -9 - (-2 + -4) - 1?
-4
What is the value of (-1 - 1) + (3 - (-2 + -2))?
5
Calculate (10 - 16) + 8 - (-1 - -1).
2
Calculate -14 - (4 + 7 + -19).
-6
2 + 1 + -1 + (-10 - -10)
2
8 - (2 - -2 - -8)
-4
Calculate -23 + 20 + 3 + 0 + 1.
1
What is -1 + (2 - (-6 - (-15 - -6)))?
-2
Evaluate 9 - (-7 - (8 - 32)).
-8
What is the value of -4 + (-2 - (-3 + 2))?
-5
0 - -2 - 3 - -1
0
What is the value of 4 - (3 - (-1 + 0)) - -5?
5
What is -7 + 3 + 8 + 4?
8
Evaluate 1 - -3 - (6 + 2 + -3).
-1
Evaluate -49 + 33 - (-11 + -1).
-4
-12 - -4 - -4 - -4
0
Calculate -6 + 2 + -2 + 4.
-2
Evaluate (-8 - (-10 - 14)) + -9.
7
What is 3 + -8 - (-2 - -1)?
-4
Evaluate -11 + 13 + 3 + -14.
-9
Calculate (1 - (-1 - 1)) + 1 + -8.
-4
Calculate 0 + (3 - (0 - -6)) - 2.
-5
What is 0 + 1 + (12 - 18)?
-5
2 - -2 - 3 - -3
4
What is the value of (22 - (-4 - -18)) + -10?
-2
What is the value of 4 - ((1 - 3) + 1)?
5
What is the value of 13 + 5 + 5 + -24 + 6?
5
What is the value of 0 + 6 + 0 + -5 + 2?
3
Evaluate 4 + -2 + (10 - 8) - 6.
-2
(-1 - (-1 + 0)) + 5
5
6 - (8 - 5 - (0 + -2))
1
Evaluate -5 + 2 + (-9 - -4) + -2.
-10
-5 + (-4 - (-6 - 1)) + 9
7
Calculate (2 - 3) + 1 + 1.
1
Calculate 2 + (2 - (-1 + 7)) - 1.
-3
What is -3 - -3 - (-1 - -1)?
0
Evaluate -4 - -8 - 6 - -4.
2
-10 + 14 - (-1 - -9)
-4
What is the value of -9 - (3 - 10) - (0 - -1)?
-3
3 - (9 + -5 - -4)
-5
(-3 - -1) + 3 + 0
1
Calculate 6 + -3 - (-1 + -9 - -6).
7
Calculate -2 + 3 - (3 + 0).
-2
Evaluate -7 - ((0 - 4) + 1).
-4
Calculate 14 + -21 + (1 - -3).
-3
Evaluate (-3 - (-2 + 0)) + (1 - -1).
1
Calculate -8 - -18 - (-4 + 8).
6
-4 + -6 + -1 + 4 + 6
-1
Calculate 5 - 3 - 5 - 2.
-5
What is 14 - 16 - (-14 - -7)?
5
5 + 8 + -17 - -5
1
Calculate 12 - (14 + -7) - 5.
0
What is the value of -1 - 0 - (2 - -1)?
-4
What is the value of 5 + (-3 - (-4 - -2))?
4
Calculate (-3 - -1 - 0) + -1 + 2.
-1
Evaluate 4 - 0 - (180 + -167).
-9
Calculate -1 + (-1 - 2) - -6.
2
What is the value of -169 - -165 - (8 + (-2 - 0))?
-10
Evaluate 9 + -3 + (-7 + 4 - -4).
7
Evaluate -14 - (3 - 22 - -8).
-3
What is the value of -5 + 9 - (2 - 2)?
4
What is the value of 3 + -3 + 1 + -3?
-2
(-7 - 0) + -5 + 19
7
Evaluate -1 - -8 - 0 - (7 + 2).
-2
What is the value of 3 - (-3 + 3 + 0 + -3)?
6
Evaluate 4 + -1 + -4 + (-1 - -1).
-1
Calculate 2 - (3 + -3 + 2 + -1).
1
(-2 - 3) + 3 + 0
-2
Evaluate (-1 - 7) + (4 - -1).
-3
Calculate -2 + 5 + 2 - (1 + 8).
-4
What is the value of -1 + 11 + (135 - 148)?
-3
Evaluate -2 + (4 - 7) + 11.
6
-1 - (0 - 0) - -2
1
1 + (5 + -6 - -4)
4
What is 3 - (23 + -6 + -14)?
0
1 + (-1 - -1) + -4
-3
What is the value of -1 + (-1 - 6 - -6)?
-2
What is the value of -8 + (-4 - ((3 - 4) + -4))?
-7
-1 + 1 - (1 + -10 + 3)
6
Calculate 13 + (-2 - 2 - 15).
-6
9 - (15 - (-6 - -7))
-5
Calculate 2 + 4 + -5 - (8 - 2).
-5
13 + -2 - (2 + (-3 - -5))
7
What is the value of 8 - (-1 - (4 + -11)) - -4?
6
Calculate -6 + 6 + (0 - -5).
5
Evaluate -3 + 12 + -6 + 6.
9
Evaluate 0 + 9 + 2 - 1.
10
Calculate 1 - 0 - (1 - (13 + -15)).
-2
Calculate (2 + -7 - -1) + 4 + -3.
-3
-1 + (1 - -2) + -1
1
What is 5 + -2 + (0 - 2)?
1
Evaluate (3 - 1) + 0 + (3 - 0).
5
Calculate 5 - (1 + -6 + 4 + 1).
5
-2 + 6 